- 18 = 0, 6*g = 3*g + c + 6. Suppose g*t + 4*t + 84 = 0. List the prime factors of (-282)/8*-1*(-32)/t.
2, 47
What are the prime factors of ((-5406)/15 + 3/(-5))*(-302 + 145)?
19, 157
What are the prime factors of 18 + -25 + (8 - 1) - -10629?
3, 1181
Suppose -91 + 55 = -9*w. Suppose -529 = -2*a - v - 25, -a = -w*v - 252. What are the prime factors of a?
2, 3, 7
Let n = -11993 + 23720. List the prime factors of n.
3, 1303
Let r = 359 + -354. Suppose 5*h - 4197 = 3*o, 33*o = 38*o - r. List the prime factors of h.
2, 3, 5, 7
Suppose 7*i - 5823 = 4*i - 3*j, 5*j + 9735 = 5*i. Suppose i = -7*y + 19*y. List the prime factors of y.
2, 3
Let y(j) = -j**2 - 20*j - 14. Suppose 7*g + 55 = -78. Let s be y(g). Suppose -243 = -s*b + 262. What are the prime factors of b?
101
List the prime factors of (-42)/(-56)*-1*(-18948)/9.
1579
Let v(k) = -4 + 100*k - 165*k - 38*k. Let p = -31 + 30. List the prime factors of v(p).
3, 11
Let x = 49825 + -33047. What are the prime factors of x?
2, 8389
Let f = -87 + 92. Suppose 0 = -34*r + 29*r + f*s + 5445, s + 2182 = 2*r. What are the prime factors of r?
1093
Let d(h) = 241*h**2 + 41*h - 286. List the prime factors of d(8).
2, 11, 19, 37
Suppose -5*l = -v + 13, -5*l + 11*v - 16*v - 25 = 0. What are the prime factors of (-4)/(-26) + l + (-86922)/(-143)?
5, 11
Let x be ((-22)/4 - -4)*(-44)/6. Suppose -x = -5*k + 4. What are the prime factors of 2/4*(-3 + 231/k)?
37
Let c(o) = -1972*o - 399. List the prime factors of c(-5).
9461
Let i = -3922 + 22494. What are the prime factors of i?
2, 4643
Suppose -3*g + 152 = v + 3*v, 5*g = -3*v + 235. Suppose 5*l - n + 47 = 6*l, -178 = -4*l - 2*n. Let y = g - l. What are the prime factors of y?
2
Let f(p) = -30*p + 71. Let b be f(-21). Suppose 1 = m - 4, -b = -2*y - 3*m. What are the prime factors of y?
7
Let b = -318 - -20. Let a = -276 - b. What are the prime factors of a?
2, 11
Suppose -l - 4*v + 12 = 0, -5*l - 24 = -6*v + 5*v. What are the prime factors of (-1496)/(-6) + l/18*-3?
2, 5
Suppose -8*l - 15 = -47. Let n(p) be the second derivative of p**4/6 + 5*p**3/6 - p**2 + 5*p. List the prime factors of n(l).
2, 5
Suppose -2*p - 14965 = -d, 0 = 4*d + p - 6453 - 53434. What are the prime factors of d?
11, 1361
Let v(l) = -198*l - 6 - 281*l + 386*l. What are the prime factors of v(-4)?
2, 3, 61
What are the prime factors of (-2)/(-74) - (-351825075)/19425?
2, 283
Suppose 9*b + 33 = -y + 12*b, -5*y - 2*b = 250. Let g = -37 - y. Suppose g*l - 5*l - 1170 = 0. What are the prime factors of l?
3, 5, 13
Suppose -1047 = 6*v - 13905. Suppose 4*c = 1177 + v. What are the prime factors of c?
2, 5, 83
Let a be (-512)/(-240) + 4/(-30). Suppose -4*j = -n - 11, -a*n = j - 8 + 3. Suppose -5*y - 589 = -3*h - j*y, -3*y = -h + 187. What are the prime factors of h?
199
Let p = -202 + 43. What are the prime factors of 1 - (4 + p - 1)?
157
Let t be 4/(-3)*24/(-1). Let s(r) = -r**3 - 5*r**2 - 8*r + 18. Let o be s(-5). Let w = o - t. List the prime factors of w.
2, 13
Let z = -373 + 402. Suppose z*r - 421 = 14195. List the prime factors of r.
2, 3, 7
Suppose 2*i - 29 = 5*x, 14 - 61 = -5*i + 4*x. Suppose j = i*j. Suppose 5*b = -15, 4*o - 723 = -j*o - 3*b. What are the prime factors of o?
3, 61
Let k(b) = 5*b**3 - b**2 - b + 1. Let y be k(1). Suppose -p - 34 = 5*o, -y*p - 2*o - 2*o = 216. Let v = p - -100. What are the prime factors of v?
41
Let x = 15133 - 9282. What are the prime factors of x?
5851
Suppose 35*i - 31 = 669. Let d = -31 - -51. Let s = i + d. What are the prime factors of s?
2, 5
Let l be ((-4)/(-3))/((-1 - -3)/24). Let a(h) = -3*h + 52. Let c be a(l). Suppose -5*k + 254 + 444 = -3*i, -i = -c. List the prime factors of k.
2, 71
Suppose -4*t + 349 + 254 = 5*f, 2*t + 2*f = 300. Let x = 221 - t. Suppose c - 32 = x. What are the prime factors of c?
2, 53
List the prime factors of (-8 - ((-14 - -11) + -10)) + 17492*1.
17497
Suppose -5*o - 3 = 12, 0 = 2*a - 4*o - 7826. Suppose -4*s + a = x, -5*s = -3*x + 3038 - 7943. List the prime factors of s.
2, 3, 163
Let u = 93036 + -28015. List the prime factors of u.
11, 23, 257
Let k(u) = 16867*u**3 + 24*u**2 - 21*u - 3. List the prime factors of k(1).
101, 167
Let v(h) = -4*h**3 + 40*h**2 + 91*h + 96. Let t(u) = u**3 - 13*u**2 - 30*u - 32. Let l(i) = 7*t(i) + 2*v(i). List the prime factors of l(-13).
2, 5, 67
Let b be 5 + (-156)/30 + (-86002)/(-35). Let o = b + -1362. What are the prime factors of o?
3, 5, 73
Suppose 5*g - 5 = 2*u, 5*u - 8*g + 1 = -7*g. Suppose u = -5*d + 5*y + 860, 2*d - 14*y + 13*y - 340 = 0. What are the prime factors of d?
2, 3, 7
Let k be (-4)/(-26) + (-65)/338*-4258. Suppose -3*x - 315 = -k. What are the prime factors of x?
2, 3, 7
Let a(c) = 7*c + 17. Let p be a(-2). Suppose k = -3*q + 14, -5*q = -p*k + 1 - 43. Suppose 536 + 838 = q*z. List the prime factors of z.
229
Suppose -2*c = 3*c + 245. List the prime factors of (315/c - -7) + (-2176)/(-14).
2, 3, 13
Let t(k) = 2983*k - 387. What are the prime factors of t(4)?
5, 2309
Suppose 29*u + 76 = 31*u. Suppose 4*a + 54 = -u. List the prime factors of a*(-6)/(-4 - 18/(-3)).
3, 23
List the prime factors of (18/15)/((-11)/(-306955)).
2, 3, 5581
Let w = -35178 + 52377. List the prime factors of w.
3, 7, 13
Let s = 588 - 350. Let k = -34 - -162. Let c = s - k. What are the prime factors of c?
2, 5, 11
Let o(b) = b**3 + 15*b**2 - 154*b + 335. List the prime factors of o(12).
5, 19
Let y = -221 - -156. Let p = -64 - y. List the prime factors of 204/8 + p*3/(-6).
5
Suppose 5*v + 4*m = 22838, -5*m = 4*v - m - 18268. Suppose j + 5*q - v = -4*j, -5*j + 4570 = 4*q. List the prime factors of j.
2, 457
List the prime factors of 66/6 + 3863 + 18.
2, 7, 139
Let r(d) = 24*d**2 - 346*d + 16. What are the prime factors of r(20)?
2, 337
Suppose -44 = k + 2*k + 4*n, 5*n + 80 = -5*k. Let f = 17 + k. List the prime factors of (-2 + f/(-3))*-54.
2, 3
What are the prime factors of 66793/6 + 0 - (-843)/(-5058)?
2, 11, 23
Let x be (-4)/((-40)/(-15))*-10. List the prime factors of (-3)/((-10)/x + (-209)/(-318)).
2, 3, 53
Let s(p) = p**3 + 193 - 4*p**2 + 13*p**2 - 214 - 3*p - 4*p**2 + 12*p**2. Suppose -34 = -2*o + 4*o. List the prime factors of s(o).
2, 3, 5
Suppose 2*p - 519 = -5*y, 3*p + 95 = y - p. What are the prime factors of y - (19 + -18 + 1*-1)?
103
Let c = -31 - -9. Let s(z) = -z**2 - 7*z + 14. Let f be s(c). What are the prime factors of (f/80 + 5/(-20))*-65?
3, 7, 13
Let t = 207 + -202. Suppose t*h - 3*a = 528, -a = -3*h - 2*a + 328. What are the prime factors of h?
2, 3
Suppose -4*r - 21402 = -4*i + 1110, 5*r - 16940 = -3*i. List the prime factors of i.
5, 7, 23
Suppose 53*h = 58*h - 195. Let z = 101 + -67. Let x = h + z. What are the prime factors of x?
73
Suppose 3*o - 13371 = -4*v, -75*v - 3*o + 16713 = -70*v. Suppose -4*z + 1706 + v = 0. What are the prime factors of z?
2, 631
Let y(k) = -k**3 + 16*k**2 - 27*k - 20. Let r be y(14). What are the prime factors of ((-1)/4*-2)/(r/(-12240))?
2, 3, 5, 17
Let b(a) be the third derivative of a**5/60 - 23*a**3/2 - 11*a**2 - 3. What are the prime factors of b(14)?
127
Suppose -614*o = -621*o + 30268. Let a = o - 2588. List the prime factors of a.
2, 7, 31
Let a(s) = s**2 + 15*s + 25. Let k be a(-3). Let b = 2 - k. Suppose 7*y + 1158 = b*y. What are the prime factors of y?
193
Let o = 4761 + -4131. List the prime factors of o.
2, 3, 5, 7
Let r = -568 + 569. Let d(u) = 347*u - 5. What are the prime factors of d(r)?
2, 3, 19
Let s(a) be the third derivative of 5*a**4/8 - a**3 + a**2. Let j be s(3). List the prime factors of (0 - j/6)*(-3 - 19).
11, 13
Suppose 4*t = 5*t - 3*t. Suppose -20*m + 27*m - 6951 = t. What are the prime factors of m?
3, 331
Suppose -2*i = 5*k + 145, -3*k - 26*i - 87 = -27*i. What are the prime factors of (211*1/2)/(k/(-290))?
5, 211
Let j = -736 + 736. Suppose j = -512*n + 525*n - 13858. What are the prime factors of n?
2, 13, 41
Let n be 6/(2 - 425/220). Suppose -13*h = -n - 55. Let k(g) = 14*g - 33. List the prime factors of k(h).
11
Suppose 52*n = -188*n + 7680240. List the prime factors of n.
3, 10667
Let d(h) = 2*h**2 - 13*h - 11. Let r be d(8). Suppose 8*j - r*j + 65 = 0. Suppose 2*b - 257 = j. What are the prime factors of b?
3, 5
Suppose 4*g - 62 = 2*d, 0 = -0*d - 2*d - g - 62. Let l = -16 - d. Suppose -v - b + 11 = 0, v + 0*b